ue of (5 - -11 - -2 - 38) + (10 - 1)?
-11
Evaluate (0 - (-1 + -10)) + 13 + -5 + -7.
12
Evaluate -2 + (42 - 2) + -260 + 255.
33
What is (-10 + 1 - 7) + (7 - 2 - 0)?
-11
What is the value of 7 - ((11 - 13) + 18)?
-9
Evaluate -7 - (-6 + 4 + -2 + 1).
-4
0 - 5 - (4 - 1) - -9
1
7 + 19 + (-12 - 47)
-33
What is -17 - (-33 + 26 - -14)?
-24
What is the value of 0 + -14 + 82 + -65?
3
What is 0 + -13 + -4 - (112 + -99)?
-30
Evaluate 18 + -11 + -3 - 8.
-4
Evaluate (-113 - -109) + (1 - -3).
0
(-1 + 6 - (149 + -142)) + 16
14
Calculate (-7 - (-9 + -26)) + 19 + -26.
21
What is 11 - (8 + -1 + -6 - -1)?
9
Evaluate -98 + 84 - (3 + 3 + -23).
3
What is the value of -3 + (12 - -2) - 16?
-5
What is the value of (-7 + (-9 - -2) - 0) + 2?
-12
What is the value of 2 + 4 + (-14 - (4 - (14 + -13)))?
-11
Calculate -5 + ((7 - 0) + (-2 - 4) - 0).
-4
What is -1 - (-1 + 2) - (-356 + 335)?
19
Calculate -3 - (-26 - (-3 + -1)).
19
Evaluate (-3 - 3 - (-2 - 23)) + -55.
-36
(-9 - 1) + 10 - (1 + -1 - 13)
13
Calculate (41 + -10 + -16 - 10) + -14.
-9
What is -1 + -22 + (-1106 - -1128)?
-1
Evaluate (0 - -3) + 18 + 37 + -70 - -2.
-10
Evaluate (9 - (-6 - -16)) + -12.
-13
What is the value of (7 + 3 - 5) + 0 - 6?
-1
What is the value of 6 + 43 + -19 + 8?
38
What is the value of -60 + 67 + 0 + (0 - -1) + -18?
-10
Evaluate 2 - (-2 + (-8 - -8)) - (1 + -7).
10
What is -6 + ((-2 - 9) + 5 + 6 - -4)?
-2
-5 + 0 + -1 + -1 + (-41 - -50)
2
12 - (10 - ((-4 - -1) + (21 - 15)))
5
6 - ((-7 - (-16 - -8) - -33) + 1)
-29
(0 - -2) + -34 + (25 - 1)
-8
What is (-6 - 13) + (8 - -8)?
-3
Calculate -11 - (11 + -25 + -2 + -3).
8
What is -6 + 19 + (-2 - 1) + 2 + -3?
9
Calculate -7 + -2 - (-21 - -8 - -6 - -10).
-12
-2 + -1 + 15 + -7
5
2 - -10 - 13 - (-15 - 0)
14
What is the value of (0 - (8 - -1)) + 1 - (-5 - 17)?
14
What is the value of 1 - 7 - ((-15 - -10) + 4)?
-5
What is (30 - (75 + -6)) + 45?
6
Evaluate (1 - 5) + (0 - (-6 + 9 + 0)).
-7
Calculate (-1 - 2 - (-72 - -63)) + -11.
-5
24 + 5 + 80 + -102
7
What is the value of 3 + (-9 - (-9 + 11 - 9)) + 2?
3
What is (52 - 17) + (-60 - -37)?
12
-28 + 19 - -22 - (1 - -31)
-19
-3 + 10 + -9 + 10 - -3
11
Evaluate (5 - (-18 + (13 - 7))) + -3.
14
What is the value of (-14 + -8 + 2 - -38) + 7?
25
Evaluate (10 + 14 - 4) + -11 - -8.
17
Calculate 5 + -13 + (11 - (14 + -9)) + 16.
14
Calculate (-238 - -226) + (-2 + 14 - 1).
-1
What is (23 - 0) + 153 + -159 + -8 - 2?
7
Evaluate 1 + (-6 - -7) + 7 + -5 + 5.
9
What is 8 + -7 - (-13 + 21 + -8)?
1
What is the value of -9 - ((-7 - 25) + 4 + 7)?
12
What is the value of -11 + 8 - 1 - (-1 + -7 + 5)?
-1
Evaluate -43 - (-18 - 7) - -25.
7
Calculate (-12 - (-3 - -13)) + 11.
-11
What is -1 + -12 - (-19 + -11 - -17)?
0
Calculate (-9 + -1 - (-3 + -4)) + -3 + 9.
3
-3 - (12 + -15 + -18)
18
-5 + -6 - (0 + 0 + (3 - 1))
-13
What is -1 + -16 - (-8 + (17 - 0) - 6)?
-20
What is -11 + -20 + 11 + 11?
-9
Evaluate 4 + (-11 - -1 - 1 - (-534 + 538)).
-11
What is 16 - (30 + -15 + -1)?
2
What is the value of 25 - 28 - (16 - 0) - (-17 - -18)?
-20
Calculate 17 - 12 - (-30 - 4 - (4 + -5)).
38
What is the value of 1 + -1 - 19 - (-379 - -334)?
26
Calculate 5 + (-11 - (2 + -10) - 17).
-15
Evaluate (2 + (-9 - -10) - -1) + (15 - 4).
15
Evaluate 1 + 4 - ((4 - -1) + -5 - -5).
0
Evaluate -18 + 2 - (-10 + -20 - -1).
13
Calculate 7 + (-7 - 6 - -18).
12
Evaluate -13 - (-10 + 13) - -13.
-3
What is the value of -7 + 0 + -18 + 11?
-14
1 - ((2 - -3) + -4)
0
Evaluate -2 - -10 - 4 - (2 + (4 - -3)).
-5
Evaluate -18 + 14 + (10 - 11).
-5
What is the value of (-16 + 14 - -15) + -29?
-16
What is the value of -33 + 101 + -17 + -36?
15
Evaluate -10 - (-9 - -25 - 24).
-2
Evaluate 111 + -68 + (-66 - -2).
-21
What is 27 + -65 + -39 + 85?
8
Evaluate 17 + (-6 - 20) - 12.
-21
What is the value of 4 + 3 + -45 + 3 + 12 + 6?
-17
What is the value of -2 + (5 - 10 - 6) + (35 - 32)?
-10
What is -135 - -141 - (0 - (0 + -3 + -12))?
-9
3 + 11 - (452 - 434)
-4
What is 29 + -34 - (7 + -3 - 2)?
-7
Evaluate -13 - (21 + (2 - 17) - (-1 + 1)).
-19
What is (9 - 0) + (-7 - -17) + -48?
-29
(-7 - (3 - 11)) + (-6 - -3)
-2
Evaluate -1 - -4 - -3 - 7 - (2 - -21).
-24
Evaluate 9 + -12 - -7 - -1 - 1.
4
Evaluate 5 + 9 - (91 - 86).
9
What is the value of 5 - -3 - (-10 + 17)?
1
What is 14 + 2 + (-72 - -68)?
12
What is (2 - -32) + (7 - (-4 + 18 + 3))?
24
What is the value of (11 - (-10 - -9) - 5) + -6 + 0?
1
Calculate (-865 - -840) + 1 + 43.
19
7 - (-12 - (17 + -17))
19
What is the value of -219 + 202 - (0 + 10)?
-27
Evaluate -41 + 23 + 26 - (7 + -1).
2
What is the value of -29 + 70 + -24 - 23?
-6
Evaluate -5 + (4 - (-4 + 0)) + -9.
-6
Calculate 5 + (-46 - (38 + -60)).
-19
-5 + -39 + 18 - -44
18
Calculate 6 + 2 - (-165 - -187).
-14
Calculate -20 + 32 - -1 - 38.
-25
3 + -1 + 2 - (-9 - -2)
11
Calculate -19 - ((-3 - (-12 + 4)) + -5 + -7).
-12
Evaluate -3 + (8 - (10 + -6)) - -5.
6
11 + 9 + 5 - 36
-11
Calculate 1 + 54 - ((-24 - -23) + 20).
36
What is (-3 - -2 - 9) + (91 - -17 - 105)?
-7
7 + (15 - (-20 + 19))
23
Calculate (12 - 1 - (18 - -3)) + -4.
-14
What is (19 - (0 - -9 - 2)) + 4?
16
What is the value of -8 - 0 - (-10 - (-7 + -2))?
-7
Evaluate 0 - (-3 + (-3 - -5)) - (-9 - -14).
-4
What is the value of 9 - (-4 + (-10 - -23))?
0
What is -27 + 12 - -19 - 27?
-23
What is -5 + (-2 - 1) + 10 + -10 + 19?
11
Evaluate -4 + 2 + (0 + 8 - 0).
6
Calculate (-9 - -3) + (6 - (-1 + -5)).
6
What is -1 - 8 - (5 - (29 + 1))?
16
Evaluate -7 + 1 + (-1 - (-8 - -11) - 5).
-15
What is the value of 0 + (-17 - (-10 - (6 + -26)))?
-27
Evaluate (41 - 41) + -11 + 2.
-9
What is -14 - (-9 + (10 + -2 - 1))?
-12
Evaluate 2 - (-5 + 11) - 7 - 0.
-11
-28 + 33 + 5 + 1
11
Calculate 20 + -12 + -9 + -2.
-3
What is 7 - ((61 - 69) + (-1 - 1))?
17
What is the value of 12 + (-14 - -19) - 13?
4
Evaluate -26 + 11 + 28 + (-8 - 1).
4
Calculate (14 - -1) + 401 + -448.
-32
Evaluate -68 + 67 - (-1 - (2 - 8)).
-6
Evaluate -1 + (-2 + 7 - (2 + (-9 - -10))).
1
Evaluate 5 + 16 - (-6 - -53 - 29).
3
What is 46 + (-19 - 1) - 33?
-7
What is the value of -7 + (-5 - -13 - 7 - 6)?
-12
Evaluate -40 + 29 + 5 - (1 - (3 + 1)).
-3
What is 7 - 9 - (-4 - 12)?
14
-10 + 37 + -29 - 5
-7
Evaluate -16 + (1 - 7 - -2).
-20
What is the value of -6 + (-4 - -4) + 11 + -2?
3
Calculate -2038 + 2036 - (22 + (-1 - (1 - 1))).
-23
(11 + -17 - -6) + (-2 - -1)
-1
4 + 5 + 3 + (16 + -5 - 12)
11
Evaluate (-18 - -11) + 21 - (5 + -13).
22
What is the value of (5 + 0 - (2 - 0)) + 2105 + -2114?
-6
What is the value of (-1 - 17) + (24 - (-40 + 76))?
-30
What is the value of (-2 - -6) + (-10 + -2 - -14)?
6
(292 - 308) + (1 - -35)
20
What is (-27 - (-18 - 1)) + -4 - -13?
1
Evaluate 15 + 1 - (-1075 - -1072).
19
What is the value of 13 + 6 + (25 - 27)?
17
Evaluate (-1 - 1) + (0 - (5 - (-7 + 10))).
-4
What is the value of (-6 + 5 - -18) + -9?
8
Calculate -1 - 2 - (-26 + 28).
-5
Calculate (-1 + 1 - 0) + (6 - (-36 - -32)).
10
(-3 - -1 - 10) + 292 + -265
15
What is -81 + 80 - ((-25 - 0) + 9 + -8)?
23
What is the value of 19 - (-16 + (-12 + 11 - -10))?
26
What is 17 + 1 - (-15 + (7 - -24))?
2
-3 + 5 + 11 + -8 + -2 + -1
2
What is the value of 2 + 5 + -17 + 19 + -9?
0
What is the value of -18 - 3 - (116 + -130)?
-7
What is -9 + -12 + 4 + (0 - (-1 - 2))?
-14
What is 0 + -8 - -18 - (-32 - -17)?
25
Calculate 41 + -28 - 25 - 2.
-14
3 - -2 - (32 + -1 - (181 + -167))
-12
What is the value of 38 + -7 + 11 + -40?
2
(9 - 13) + 27 - 45
-22
What is the value of 33 - (-23 + 27 + 43)?
-14
Calculate 13 + -8 - (2 + (7 + -12 - -2)).
6
What is the value of 0 + 0 + (16 - 18 - 0 - 6)?
-8
Calculate 0 - (3 + (-2 - (-7 - -6) - -1)).
-3
Calculate -23 - 2 - (14 + (-19 - (-17 - -14))).
-23
What is (-1 - (25 - 17)) + -14 + 3?
-20
Evaluate -9 - (-5 - -10 - 9) - -4.
-1
Evaluate -28 - (-4 + -7 - 0).
-17
Evaluate 6 - 2 - (1 + 1 - (-94 - -102)).
10
What is 36 + (-2 + -8 - -11 - 15)?
22
What is the value of 1 + -35 + -7 + 19 + -9?
-31
What is the value of 1 + -25 + (-9 - -29) + 0 + -17?
-21
Calculate -14 - (-9 - -15 - 3 - -2).
-19
-5 + -10 + (10 - -2) + -1
-4
What is 0 + -2 + 13 + (63 - 66) + 2?
10
(9 - 23) + 9 + 0 + 19
14
What is -13 + (7 + 7 + -7 + -2 - 5)?
-13
Evaluate (33 - 40) + -2 + 5.
-4
Evaluate -1 + (9 + -3 - (45 - 58)).
18
Calculate (-13 - -6) + 0 + (-9 + 6 - -24).
14
What is -3 - (-2 - (-7 - (-6 - -11)))?
-13
What is (-20 - (5 + -19)) + -2 + (4 - 7)?
